{"id":6685,"date":"2026-04-28T15:31:08","date_gmt":"2026-04-28T13:31:08","guid":{"rendered":"https:\/\/vpc.lv\/?post_type=tribe_events&#038;p=6685"},"modified":"2026-04-28T15:32:40","modified_gmt":"2026-04-28T13:32:40","slug":"kick-off-studiju-procesa-digitalizacija","status":"publish","type":"tribe_events","link":"https:\/\/vpc.lv\/lv\/event\/kick-off-studiju-procesa-digitalizacija\/","title":{"rendered":"Kick-off: Studiju procesa digitaliz\u0101cija"},"content":{"rendered":"<div class=\"fusion-fullwidth fullwidth-box fusion-builder-row-1 fusion-flex-container has-pattern-background has-mask-background nonhundred-percent-fullwidth non-hundred-percent-height-scrolling\" style=\"--awb-border-radius-top-left:0px;--awb-border-radius-top-right:0px;--awb-border-radius-bottom-right:0px;--awb-border-radius-bottom-left:0px;--awb-flex-wrap:wrap;\" ><div class=\"fusion-builder-row fusion-row fusion-flex-align-items-flex-start fusion-flex-content-wrap\" style=\"max-width:1248px;margin-left: calc(-4% \/ 2 );margin-right: calc(-4% \/ 2 );\"><div class=\"fusion-layout-column fusion_builder_column fusion-builder-column-0 fusion_builder_column_1_1 1_1 fusion-flex-column\" style=\"--awb-bg-size:cover;--awb-width-large:100%;--awb-margin-top-large:0px;--awb-spacing-right-large:1.92%;--awb-margin-bottom-large:20px;--awb-spacing-left-large:1.92%;--awb-width-medium:100%;--awb-order-medium:0;--awb-spacing-right-medium:1.92%;--awb-spacing-left-medium:1.92%;--awb-width-small:100%;--awb-order-small:0;--awb-spacing-right-small:1.92%;--awb-spacing-left-small:1.92%;\"><div class=\"fusion-column-wrapper fusion-column-has-shadow fusion-flex-justify-content-flex-start fusion-content-layout-column\"><div class=\"fusion-text fusion-text-1\"><p>Aicin\u0101m J\u016bsu augst\u0101k\u0101s izgl\u012bt\u012bbas iest\u0101des p\u0101rst\u0101vi piedal\u012bties projekta <a href=\"https:\/\/vpc.lv\/lv\/spd\/\">&#8220;Studiju procesa digitaliz\u0101cija&#8221;<\/a> informat\u012bvaj\u0101 pas\u0101kum\u0101, kur\u0101 tiks izskat\u012btas J\u016bsu iest\u0101des iesaistes iesp\u0113jas projekt\u0101.<\/p>\n<p><strong>Kad?<\/strong> 2026. gada 11. maij\u0101, plkst. 14.00\u201316.00<\/p>\n<p><strong>Kur?<\/strong> R\u012bgas Stradi\u0146a Universit\u0101te (RSU), Konsula iela 21, R\u012bga, 204. telpa (2. st\u0101vs) un tie\u0161saist\u0113: Microsoft Teams<\/p>\n<p><strong>Re\u0123istr\u0101cija:<\/strong> <a href=\"https:\/\/events.teams.microsoft.com\/event\/73a0e7a6-6ed9-4e4c-85f8-d043157aa559@695e0a27-5814-44f5-a5bd-d4dc3e8c3a47\">\u0160EIT<\/a> l\u012bdz 2026. gada 8. maijam, plkst. 12.00<\/p>\n<p><strong>Par projektu<\/strong><\/p>\n<p>Projekta m\u0113r\u0137is ir moderniz\u0113t studiju vad\u012bbas sist\u0113mas un procesus, nodro\u0161in\u0101t studentcentr\u0113tu un elast\u012bgu studiju vidi, k\u0101 ar\u012b paaugstin\u0101t Latvijas augst\u0101k\u0101s izgl\u012bt\u012bbas iest\u0101\u017eu konkur\u0113tsp\u0113ju, ievie\u0161ot m\u016bsdien\u012bgus digit\u0101los un koplieto\u0161anas risin\u0101jumus.<\/p>\n<p>Projekta ietvaros tiks:<\/p>\n<ul>\n<li>izveidots studiju vad\u012bbas sist\u0113mas koplieto\u0161anas risin\u0101jums;<\/li>\n<li>izstr\u0101d\u0101ti atbalsta r\u012bki studiju procesa digitaliz\u0101cijai;<\/li>\n<li>nodro\u0161in\u0101ta integr\u0101cija ar valsts datu sist\u0113m\u0101m;<\/li>\n<li>\u012bstenota administrat\u012bv\u0101 person\u0101la kompeten\u010du pilnveide digit\u0101l\u0101s transform\u0101cijas jom\u0101.<\/li>\n<\/ul>\n<p><strong>Projekta darba pakas<\/strong><\/p>\n<p>Pas\u0101kuma laik\u0101 tiks prezent\u0113tas visas septi\u0146as darba pakas un katrai no t\u0101m b\u016bs iesp\u0113ja pievienoties k\u0101 sadarb\u012bbas partnerim:<\/p>\n<ol>\n<li>WP01 \u2014 Kompeten\u010du pilnveide<\/li>\n<li>WP02 \u2014 Personas datu p\u0101rvald\u012bba stud\u0113jo\u0161o p\u0113tniec\u012bb\u0101<\/li>\n<li>WP03 \u2014 Studiju procesa nov\u0113rt\u0113\u0161anas sist\u0113ma<\/li>\n<li>WP04 \u2014 Stud\u0113jo\u0161o prak\u0161u p\u0101rvald\u012bba<\/li>\n<li>WP05 \u2014 Digit\u0101lo resursu un bibliot\u0113ku p\u0101rvald\u012bba<\/li>\n<li>WP06 \u2014 SIS b\u0101zes funkcionalit\u0101te (instit\u016bcij\u0101s)<\/li>\n<li>WP07 \u2014 Koplieto\u0161anas re\u0123istri<\/li>\n<\/ol>\n<p><strong>Aicin\u0101m katru AII izv\u0113rt\u0113t, kur\u0101 darba pak\u0101 t\u0101 v\u0113las iesaist\u012bties, un izvirz\u012bt savu p\u0101rst\u0101vi dal\u012bbai pas\u0101kum\u0101 un turpm\u0101kajai sadarb\u012bbai.<\/strong><\/p>\n<p>Projektu \u012bsteno biedr\u012bba &#8220;Augst\u0101k\u0101s izgl\u012bt\u012bbas un zin\u0101tnes inform\u0101cijas tehnolo\u0123ijas koplieto\u0161anas pakalpojumu centrs&#8221; sadarb\u012bb\u0101 ar Latvijas Universit\u0101ti, R\u012bgas Tehnisko universit\u0101ti, R\u012bgas Stradi\u0146a universit\u0101ti un Latvijas Biozin\u0101t\u0146u un tehnolo\u0123iju universit\u0101ti.<\/p>\n<p>Projekta kop\u0113jais finans\u0113jums ir 23 438 762 Euro, tai skait\u0101 ESF+ finans\u0113jums \u2013 19 922 947 Euro un valsts bud\u017eeta l\u012bdzfinans\u0113jums \u2013 3 515 815 Euro apm\u0113r\u0101.<\/p>\n<\/div><div class=\"fusion-text fusion-text-2\" style=\"--awb-font-size:14px;--awb-line-height:var(--awb-typography5-line-height);--awb-letter-spacing:var(--awb-typography5-letter-spacing);--awb-text-color:#5d6e71;\"><p><strong>Personas datu apstr\u0101de.<\/strong> Re\u0123istr\u0113joties pas\u0101kumam, l\u016bdzam \u0146emt v\u0113r\u0101:<\/p>\n<ul>\n<li>Re\u0123istr\u0101cijas form\u0101 var\u0113siet piekrist jaunumu inform\u0101cijas sa\u0146em\u0161anai par Biedr\u012bbas r\u012bkotajiem pas\u0101kumiem un aktualit\u0101t\u0113m p\u0113tniec\u012bbas datu p\u0101rvald\u012bbas jom\u0101.<\/li>\n<li>J\u016bsu personas dati (v\u0101rds, uzv\u0101rds, kontaktinform\u0101cija) tiks apstr\u0101d\u0101ti pas\u0101kuma organiz\u0113\u0161anas un sazi\u0146as nol\u016bk\u0101.<\/li>\n<li>Pas\u0101kuma laik\u0101 var tikt veikta foto un\/vai video uz\u0146em\u0161ana publicit\u0101tes nol\u016bk\u0101. Ja nev\u0113laties tikt fotograf\u0113ts\/-a, l\u016bdzam inform\u0113t organizatorus.<\/li>\n<\/ul>\n<\/div><\/div><\/div><\/div><\/div>\n","protected":false},"excerpt":{"rendered":"","protected":false},"author":8,"featured_media":5631,"template":"","meta":{"_tribe_events_status":"","_tribe_events_status_reason":"","footnotes":""},"tags":[],"tribe_events_cat":[],"class_list":["post-6685","tribe_events","type-tribe_events","status-publish","has-post-thumbnail","hentry"],"_links":{"self":[{"href":"https:\/\/vpc.lv\/lv\/wp-json\/wp\/v2\/tribe_events\/6685","targetHints":{"allow":["GET"]}}],"collection":[{"href":"https:\/\/vpc.lv\/lv\/wp-json\/wp\/v2\/tribe_events"}],"about":[{"href":"https:\/\/vpc.lv\/lv\/wp-json\/wp\/v2\/types\/tribe_events"}],"author":[{"embeddable":true,"href":"https:\/\/vpc.lv\/lv\/wp-json\/wp\/v2\/users\/8"}],"version-history":[{"count":13,"href":"https:\/\/vpc.lv\/lv\/wp-json\/wp\/v2\/tribe_events\/6685\/revisions"}],"predecessor-version":[{"id":6714,"href":"https:\/\/vpc.lv\/lv\/wp-json\/wp\/v2\/tribe_events\/6685\/revisions\/6714"}],"wp:featuredmedia":[{"embeddable":true,"href":"https:\/\/vpc.lv\/lv\/wp-json\/wp\/v2\/media\/5631"}],"wp:attachment":[{"href":"https:\/\/vpc.lv\/lv\/wp-json\/wp\/v2\/media?parent=6685"}],"wp:term":[{"taxonomy":"post_tag","embeddable":true,"href":"https:\/\/vpc.lv\/lv\/wp-json\/wp\/v2\/tags?post=6685"},{"taxonomy":"tribe_events_cat","embeddable":true,"href":"https:\/\/vpc.lv\/lv\/wp-json\/wp\/v2\/tribe_events_cat?post=6685"}],"curies":[{"name":"wp","href":"https:\/\/api.w.org\/{rel}","templated":true}]}}

Kick-off: Studiju procesa digitalizācija

<div class="fusion-fullwidth fullwidth-box fusion-builder-row-1 fusion-flex-container has-pattern-background has-mask-background nonhundred-percent-fullwidth non-hundred-percent-height-scrolling" style="--awb-border-radius-top-left:0px;--awb-border-radius-top-right:0px;--awb-border-radius-bottom-right:0px;--awb-border-radius-bottom-left:0px;--awb-flex-wrap:wrap;" ><div class="fusion-builder-row fusion-row fusion-flex-align-items-flex-start fusion-flex-content-wrap" style="max-width:1248px;margin-left: calc(-4% / 2 );margin-right: calc(-4% / 2 );"><div class="fusion-layout-column fusion_builder_column fusion-builder-column-0 fusion_builder_column_1_1 1_1 fusion-flex-column" style="--awb-bg-size:cover;--awb-width-large:100%;--awb-margin-top-large:0px;--awb-spacing-right-large:1.92%;--awb-margin-bottom-large:20px;--awb-spacing-left-large:1.92%;--awb-width-medium:100%;--awb-order-medium:0;--awb-spacing-right-medium:1.92%;--awb-spacing-left-medium:1.92%;--awb-width-small:100%;--awb-order-small:0;--awb-spacing-right-small:1.92%;--awb-spacing-left-small:1.92%;"><div class="fusion-column-wrapper fusion-column-has-shadow fusion-flex-justify-content-flex-start fusion-content-layout-column"><div class="fusion-text fusion-text-1"><p>Aicinām Jūsu augstākās izglītības iestādes pārstāvi piedalīties projekta <a href="https://vpc.lv/lv/spd/">&#8220;Studiju procesa digitalizācija&#8221;</a> informatīvajā pasākumā, kurā tiks izskatītas Jūsu iestādes iesaistes iespējas projektā.</p>
<p><strong>Kad?</strong> 2026. gada 11. maijā, plkst. 14.00–16.00</p>
<p><strong>Kur?</strong> Rīgas Stradiņa Universitāte (RSU), Konsula iela 21, Rīga, 204. telpa (2. stāvs) un tiešsaistē: Microsoft Teams</p>
<p><strong>Reģistrācija:</strong> <a href="https://events.teams.microsoft.com/event/73a0e7a6-6ed9-4e4c-85f8-d043157aa559@695e0a27-5814-44f5-a5bd-d4dc3e8c3a47">ŠEIT</a> līdz 2026. gada 8. maijam, plkst. 12.00</p>
<p><strong>Par projektu</strong></p>
<p>Projekta mērķis ir modernizēt studiju vadības sistēmas un procesus, nodrošināt studentcentrētu un elastīgu studiju vidi, kā arī paaugstināt Latvijas augstākās izglītības iestāžu konkurētspēju, ieviešot mūsdienīgus digitālos un koplietošanas risinājumus.</p>
<p>Projekta ietvaros tiks:</p>
<ul>
<li>izveidots studiju vadības sistēmas koplietošanas risinājums;</li>
<li>izstrādāti atbalsta rīki studiju procesa digitalizācijai;</li>
<li>nodrošināta integrācija ar valsts datu sistēmām;</li>
<li>īstenota administratīvā personāla kompetenču pilnveide digitālās transformācijas jomā.</li>
</ul>
<p><strong>Projekta darba pakas</strong></p>
<p>Pasākuma laikā tiks prezentētas visas septiņas darba pakas un katrai no tām būs iespēja pievienoties kā sadarbības partnerim:</p>
<ol>
<li>WP01 — Kompetenču pilnveide</li>
<li>WP02 — Personas datu pārvaldība studējošo pētniecībā</li>
<li>WP03 — Studiju procesa novērtēšanas sistēma</li>
<li>WP04 — Studējošo prakšu pārvaldība</li>
<li>WP05 — Digitālo resursu un bibliotēku pārvaldība</li>
<li>WP06 — SIS bāzes funkcionalitāte (institūcijās)</li>
<li>WP07 — Koplietošanas reģistri</li>
</ol>
<p><strong>Aicinām katru AII izvērtēt, kurā darba pakā tā vēlas iesaistīties, un izvirzīt savu pārstāvi dalībai pasākumā un turpmākajai sadarbībai.</strong></p>
<p>Projektu īsteno biedrība &#8220;Augstākās izglītības un zinātnes informācijas tehnoloģijas koplietošanas pakalpojumu centrs&#8221; sadarbībā ar Latvijas Universitāti, Rīgas Tehnisko universitāti, Rīgas Stradiņa universitāti un Latvijas Biozinātņu un tehnoloģiju universitāti.</p>
<p>Projekta kopējais finansējums ir 23 438 762 Euro, tai skaitā ESF+ finansējums – 19 922 947 Euro un valsts budžeta līdzfinansējums – 3 515 815 Euro apmērā.</p>
</div><div class="fusion-text fusion-text-2" style="--awb-font-size:14px;--awb-line-height:var(--awb-typography5-line-height);--awb-letter-spacing:var(--awb-typography5-letter-spacing);--awb-text-color:#5d6e71;"><p><strong>Personas datu apstrāde.</strong> Reģistrējoties pasākumam, lūdzam ņemt vērā:</p>
<ul>
<li>Reģistrācijas formā varēsiet piekrist jaunumu informācijas saņemšanai par Biedrības rīkotajiem pasākumiem un aktualitātēm pētniecības datu pārvaldības jomā.</li>
<li>Jūsu personas dati (vārds, uzvārds, kontaktinformācija) tiks apstrādāti pasākuma organizēšanas un saziņas nolūkā.</li>
<li>Pasākuma laikā var tikt veikta foto un/vai video uzņemšana publicitātes nolūkā. Ja nevēlaties tikt fotografēts/-a, lūdzam informēt organizatorus.</li>
</ul>
</div></div></div></div></div>
